7
List the prime factors of 6043352101.
6043352101
List the prime factors of 99133559.
7, 3041, 4657
What are the prime factors of 1708822505?
5, 13, 26289577
What are the prime factors of 261860625?
3, 5, 13, 3581
List the prime factors of 314419179.
3, 107, 293, 3343
What are the prime factors of 20802506?
2, 10401253
List the prime factors of 283825380.
2, 3, 5, 163, 29021
List the prime factors of 1531185399.
3, 170131711
List the prime factors of 22301159.
1061, 21019
List the prime factors of 68850052.
2, 43, 400291
List the prime factors of 193831523.
457, 424139
List the prime factors of 85979228.
2, 21494807
What are the prime factors of 16574761?
7, 2367823
List the prime factors of 41617681.
7, 463, 12841
What are the prime factors of 1960228258?
2, 980114129
What are the prime factors of 31934428?
2, 157, 211, 241
What are the prime factors of 654679316?
2, 17, 239, 40283
List the prime factors of 3236201452.
2, 11, 1063, 69191
What are the prime factors of 4410801041?
197, 22389853
What are the prime factors of 46643482?
2, 23321741
List the prime factors of 194517999.
3, 13, 1662547
List the prime factors of 789630286.
2, 394815143
What are the prime factors of 262544716?
2, 7, 9376597
What are the prime factors of 153588701?
7, 21941243
List the prime factors of 38917340.
2, 5, 7, 11, 37, 683
List the prime factors of 3723545949.
3, 37, 33545459
List the prime factors of 98337545.
5, 19667509
List the prime factors of 2071407115.
5, 107, 109, 35521
What are the prime factors of 3047823051?
3, 7, 13, 197, 56671
What are the prime factors of 932457030?
2, 3, 5, 23, 1351387
What are the prime factors of 146800491?
3, 17, 373, 7717
What are the prime factors of 1417244691?
3, 5821, 81157
List the prime factors of 837671436.
2, 3, 7, 97, 11423
What are the prime factors of 6923251077?
3, 43, 53668613
What are the prime factors of 5758099838?
2, 97, 4721, 6287
List the prime factors of 4080815734.
2, 311, 6560797
List the prime factors of 238875206.
2, 283, 422041
List the prime factors of 3844295005.
5, 37, 20779973
List the prime factors of 250924653.
3, 7, 3982931
List the prime factors of 44262791.
53, 373, 2239
What are the prime factors of 57475660?
2, 5, 11, 79, 3307
What are the prime factors of 1322949508?
2, 73, 4530649
List the prime factors of 183772284.
2, 3, 193, 79349
List the prime factors of 589970137.
151, 211, 18517
What are the prime factors of 167771797?
211, 795127
What are the prime factors of 1068926324?
2, 267231581
List the prime factors of 78671304.
2, 3, 31, 379
What are the prime factors of 102805912?
2, 11, 1168249
List the prime factors of 920509077.
3, 306836359
What are the prime factors of 49494911?
49494911
What are the prime factors of 9444808416?
2, 3, 98383421
What are the prime factors of 1586831103?
3, 11, 13, 463, 2663
What are the prime factors of 876718474?
2, 53, 61, 135589
List the prime factors of 107895064.
2, 367, 36749
List the prime factors of 1346765214.
2, 3, 829, 270761
List the prime factors of 2105273025.
3, 5, 346547
List the prime factors of 146545269.
3, 13, 3757571
What are the prime factors of 203527731?
3, 11, 41, 150427
List the prime factors of 348181702.
2, 11, 113, 140057
List the prime factors of 92152372.
2, 13, 29, 53, 1153
What are the prime factors of 4671767813?
4671767813
What are the prime factors of 1648808204?
2, 412202051
List the prime factors of 413366485.
5, 7, 11810471
List the prime factors of 74141960.
2, 5, 1853549
List the prime factors of 203018753.
7, 29002679
What are the prime factors of 164755525?
5, 11, 29, 73, 283
List the prime factors of 2387165751.
3, 1109, 239171
List the prime factors of 1729484805.
3, 5, 115298987
List the prime factors of 6146259372.
2, 3, 11, 47, 10007
What are the prime factors of 78616422?
2, 3, 571, 7649
List the prime factors of 2802504932.
2, 1193, 587281
List the prime factors of 23752573.
13, 1123, 1627
List the prime factors of 1647320223.
3, 67, 269, 30467
What are the prime factors of 20961581?
557, 37633
What are the prime factors of 62288577?
3, 13, 23, 79, 293
List the prime factors of 1554480029.
6217, 250037
List the prime factors of 49370302.
2, 3767, 6553
List the prime factors of 15053489.
11, 47, 2647
What are the prime factors of 283348739?
59, 4802521
List the prime factors of 1255032418.
2, 627516209
List the prime factors of 444208853.
11, 983, 41081
List the prime factors of 16472435.
5, 7, 29, 16229
What are the prime factors of 4486041341?
19, 31, 59, 167, 773
List the prime factors of 114292737.
3, 13, 577, 1693
What are the prime factors of 194777170?
2, 5, 7, 19, 146449
List the prime factors of 418232777.
7699, 54323
What are the prime factors of 878088187?
29, 30278903
What are the prime factors of 5883325?
5, 7, 33619
What are the prime factors of 22612917?
3, 7537639
List the prime factors of 36439213.
36439213
What are the prime factors of 27653330?
2, 5, 2765333
List the prime factors of 2345961605.
5, 13, 313, 115309
What are the prime factors of 14046613?
7, 2006659
What are the prime factors of 41460211?
13, 449, 7103
List the prime factors of 41077550.
2, 5, 821551
List the prime factors of 827495671.
827495671
List the prime factors of 44859142.
2, 521, 43051
What are the prime factors of 212223588?
2, 3, 751, 23549
List the prime factors of 1945769984.
2, 950083
List the prime factors of 2494649273.
2494649273
List the prime factors of 19310352.
2, 3, 402299
List the prime factors of 1121091417.
3, 347, 358979
What are the prime factors of 68932359?
3, 499, 15349
What are the prime factors of 1347922766?
2, 6269, 107507
What are the prime factors of 99690074?
2, 11, 17, 19, 14029
List the prime factors of 698661226.
2, 349330613
What are the prime factors of 91746753?
3, 7, 1733, 2521
List the prime factors of 15506251.
15506251
What are the prime factors of 434669884?
2, 11, 9878861
What are the prime factors of 177634472?
2, 947, 23447
What are the prime factors of 26269995?
3, 5, 1751333
List the prime factors of 109931211.
3, 13, 61, 73, 211
List the prime factors of 2253635961.
3, 19, 383, 103231
List the prime factors of 559252738.
2, 11, 25420579
List the prime factors of 57217962.
2, 3, 79, 120713
What are the prime factors of 191985944?
2, 41, 281, 2083
List the prime factors of 3861454111.
593, 6511727
List the prime factors of 4797363.
3, 23, 251, 277
List the prime factors of 994647120.
2, 3, 5, 4144363
What are the prime factors of 676045021?
661, 1022761
What are the prime factors of 585769500?
2, 3, 5, 130171
List the prime factors of 332607182.
2, 643, 258637
List the prime factors of 43650424.
2, 17, 193, 1663
List the prime factors of 23909600.
2, 5, 11, 13, 19
What are the prime factors of 69749891?
69749891
List the prime factors of 4520150460.
2, 3, 5, 7, 1195807
List the prime factors of 994398264.
2, 3, 13811087
List the prime factors of 539723294.
2, 11, 24532877
What are the prime factors of 117255714?
2, 3, 19542619
List the prime factors of 547684420.
2, 5, 47, 582643
List the prime factors of 70529930.
2, 5, 7052993
List the prime factors of 1799564459.
7, 11, 23, 137, 7417
List the prime factors of 2090086019.
7, 2309, 129313
What are the prime factors of 580392218?
2, 7, 41456587
What are the prime factors of 1774249802?
2, 13, 68240377
What are the prime factors of 405147178?
2, 3581, 56569
What are the prime factors of 32204142?
2, 3, 269, 739
List the prime factors of 26701097.
26701097
List the prime factors of 1605357539.
17077, 94007
What are the prime factors of 2179461348?
2, 3, 19, 3186347
What are the prime factors of 219210336?
2, 3, 109, 6983
List the prime factors of 63728035.
5, 7, 167, 10903
List the prime factors of 246190742.
2, 7, 401, 43853
List the prime factors of 904243589.
904243589
List the prime factors of 63420302.
2, 11, 17, 151, 1123
What are the prime factors of 203828438?
2, 11, 23, 402823
List the prime factors of 63881280.
2, 3, 5, 41, 541
What are the prime factors of 185845695?
3, 5, 7, 71, 97, 257
What are the prime factors of 11195052?
2, 3, 11, 84811
What are the prime factors of 65736886?
2, 173, 313, 607
What are the prime factors of 106493974?
2, 19, 29, 41, 2357
What are the prime factors of 1988192932?
2,